{"id":342,"date":"2025-11-23T21:50:54","date_gmt":"2025-11-24T00:50:54","guid":{"rendered":"https:\/\/www.cacaulargodabatalha.com.br\/loja\/?post_type=product&#038;p=342"},"modified":"2026-03-10T21:59:03","modified_gmt":"2026-03-11T00:59:03","slug":"cesta-chocomonstros-do-monstrinho-adamastor","status":"publish","type":"product","link":"https:\/\/www.cacaulargodabatalha.com.br\/loja\/produto\/cesta-chocomonstros-do-monstrinho-adamastor\/","title":{"rendered":"Cesta Chocomonstros do Monstrinho Adamastor"},"content":{"rendered":"<p><strong>Conhe\u00e7a a Cesta Chocomonstros do Monstrinho Adamastor da Cacau Show\u00a0<\/strong><br \/>\nA\u00a0<strong>Cesta Chocomonstros do Monstrinho Adamastor\u00a0<\/strong>combina divers\u00e3o e fofura em um s\u00f3 produto. Com a estrutura em\u00a0<strong>pel\u00facia\u00a0<\/strong>de\u00a0<strong>poli\u00e9ster\u00a0<\/strong>e em um formato de cilindro pl\u00e1stico, garante qualidade, durabilidade e muito charme.<br \/>\n<strong>Divers\u00e3o que encanta<\/strong><br \/>\nAl\u00e9m de ser perfeita para carregar seus itens e acess\u00f3rios, a\u00a0<strong>Cesta Chocomonstros Adamastor<\/strong>\u00a0pode ser usada como item decorativo ou como parte de uma brincadeira cheia de imagina\u00e7\u00e3o.<br \/>\n<strong>Detalhes<\/strong><br \/>\n\u2022\u00a0Bolsa em pel\u00facia de poli\u00e9ster.<br \/>\n\u2022\u00a0Estrutura em cilindro pl\u00e1stico.<br \/>\n\u2022\u00a0Medidas: Comprimento: 25cm | Largura: 15cm | Altura: 12cm.<br \/>\n<strong>Por que escolher a Cesta Chocomonstros do Monstrinho Adamastor?\u00a0<\/strong><br \/>\nPorque ela une estilo, praticidade e divers\u00e3o em um s\u00f3 produto! Um acess\u00f3rio especial para viver o dia a dia, seja para carregar objetos ou para deixar a decora\u00e7\u00e3o ainda mais incr\u00edvel.<\/p>\n","protected":false},"excerpt":{"rendered":"<p>A\u00a0<strong>Cesta Chocomonstros do Monstrinho Adamastor<\/strong>\u00a0\u00e9 feita em pel\u00facia macia, com estrutura refor\u00e7ada, ideal para brincar e decorar.<\/p>\n","protected":false},"featured_media":343,"template":"","meta":{"site-sidebar-layout":"default","site-content-layout":"","ast-site-content-layout":"default","site-content-style":"default","site-sidebar-style":"default","ast-global-header-display":"","ast-banner-title-visibility":"","ast-main-header-display":"","ast-hfb-above-header-display":"","ast-hfb-below-header-display":"","ast-hfb-mobile-header-display":"","site-post-title":"","ast-breadcrumbs-content":"","ast-featured-img":"","footer-sml-layout":"","theme-transparent-header-meta":"default","adv-header-id-meta":"","stick-header-meta":"","header-above-stick-meta":"","header-main-stick-meta":"","header-below-stick-meta":"","astra-migrate-meta-layouts":"set","ast-page-background-enabled":"default","ast-page-background-meta":{"desktop":{"background-color":"","background-image":"","background-repeat":"repeat","background-position":"center center","background-size":"auto","background-attachment":"scroll","background-type":"","background-media":"","overlay-type":"","overlay-color":"","overlay-opacity":"","overlay-gradient":""},"tablet":{"background-color":"","background-image":"","background-repeat":"repeat","background-position":"center center","background-size":"auto","background-attachment":"scroll","background-type":"","background-media":"","overlay-type":"","overlay-color":"","overlay-opacity":"","overlay-gradient":""},"mobile":{"background-color":"","background-image":"","background-repeat":"repeat","background-position":"center center","background-size":"auto","background-attachment":"scroll","background-type":"","background-media":"","overlay-type":"","overlay-color":"","overlay-opacity":"","overlay-gradient":""}},"ast-content-background-meta":{"desktop":{"background-color":"var(--ast-global-color-5)","background-image":"","background-repeat":"repeat","background-position":"center center","background-size":"auto","background-attachment":"scroll","background-type":"","background-media":"","overlay-type":"","overlay-color":"","overlay-opacity":"","overlay-gradient":""},"tablet":{"background-color":"var(--ast-global-color-5)","background-image":"","background-repeat":"repeat","background-position":"center center","background-size":"auto","background-attachment":"scroll","background-type":"","background-media":"","overlay-type":"","overlay-color":"","overlay-opacity":"","overlay-gradient":""},"mobile":{"background-color":"var(--ast-global-color-5)","background-image":"","background-repeat":"repeat","background-position":"center center","background-size":"auto","background-attachment":"scroll","background-type":"","background-media":"","overlay-type":"","overlay-color":"","overlay-opacity":"","overlay-gradient":""}}},"product_brand":[],"product_cat":[29],"product_tag":[],"class_list":{"0":"post-342","1":"product","2":"type-product","3":"status-publish","4":"has-post-thumbnail","6":"product_cat-exclusivos","7":"desktop-align-left","8":"tablet-align-left","9":"mobile-align-left","11":"first","12":"outofstock","13":"taxable","14":"shipping-taxable","15":"purchasable","16":"product-type-simple"},"_links":{"self":[{"href":"https:\/\/www.cacaulargodabatalha.com.br\/loja\/wp-json\/wp\/v2\/product\/342","targetHints":{"allow":["GET"]}}],"collection":[{"href":"https:\/\/www.cacaulargodabatalha.com.br\/loja\/wp-json\/wp\/v2\/product"}],"about":[{"href":"https:\/\/www.cacaulargodabatalha.com.br\/loja\/wp-json\/wp\/v2\/types\/product"}],"wp:featuredmedia":[{"embeddable":true,"href":"https:\/\/www.cacaulargodabatalha.com.br\/loja\/wp-json\/wp\/v2\/media\/343"}],"wp:attachment":[{"href":"https:\/\/www.cacaulargodabatalha.com.br\/loja\/wp-json\/wp\/v2\/media?parent=342"}],"wp:term":[{"taxonomy":"product_brand","embeddable":true,"href":"https:\/\/www.cacaulargodabatalha.com.br\/loja\/wp-json\/wp\/v2\/product_brand?post=342"},{"taxonomy":"product_cat","embeddable":true,"href":"https:\/\/www.cacaulargodabatalha.com.br\/loja\/wp-json\/wp\/v2\/product_cat?post=342"},{"taxonomy":"product_tag","embeddable":true,"href":"https:\/\/www.cacaulargodabatalha.com.br\/loja\/wp-json\/wp\/v2\/product_tag?post=342"}],"curies":[{"name":"wp","href":"https:\/\/api.w.org\/{rel}","templated":true}]}}